= -4216*z + 160214. Determine w(38).
6
Let x(r) = -r**3 + 3*r**2 + 890*r - 8931. Give x(11).
-109
Let v(p) = p**3 + 126*p**2 + 236*p - 1521. Give v(-124).
-33
Let a(s) = 5578*s + 1210453. Determine a(-217).
27
Let a(o) = -319*o - 275. What is a(2)?
-913
Let k(v) = v**3 - 209*v**2 + 211*v - 680. What is k(208)?
-56
Let q(l) = -17*l**3 + 3402*l**2 + 787*l - 237396. Calculate q(200).
4
Let u(a) = a**3 - 53*a**2 + 117*a - 3. What is u(2)?
27
Let f(k) = -8*k**3 - 135*k**2 - 479*k - 2193. Give f(-14).
5
Let k(l) = 13*l**2 - 725*l - 230. Calculate k(48).
-5078
Let v(u) = -2*u**2 + 2276*u - 565103. Give v(366).
1
Let x(q) = -67*q + 7547. Calculate x(113).
-24
Let z(w) = 65686*w - 1051013. What is z(16)?
-37
Let z(f) = f**3 + 97*f**2 + 2134*f - 396. Give z(-63).
108
Let w(u) = 17*u**2 - 437*u - 3229. What is w(-6)?
5
Let m(h) = -6*h**2 + 667*h - 16005. Calculate m(35).
-10
Let d(z) = -10*z - 427. Determine d(-91).
483
Let f(q) = 512*q - 307. What is f(2)?
717
Let o(h) = h**3 - 72*h**2 - 3921*h + 3578. Give o(108).
14
Let a(n) = 124*n**2 - 3764*n - 32382. Calculate a(-7).
42
Let u(n) = -1516*n + 54552. What is u(36)?
-24
Let z(n) = -8*n**2 + 13*n + 428. Determine z(-14).
-1322
Let n(a) = -163818*a + 1965816. Determine n(12).
0
Let g(x) = 15*x**2 - 10445*x + 10443. Calculate g(1).
13
Let g(y) = -104*y**2 - 11462*y - 329. What is g(-110)?
2091
Let p(z) = -z**3 - z**2 + 854*z + 6. What is p(0)?
6
Let z(m) = -2*m**2 + 341*m + 2873. Determine z(-8).
17
Let o(j) = -4*j**2 - 418*j - 7924. Give o(-25).
26
Let k(x) = 7*x**2 + 784*x + 481. Calculate k(-112).
481
Let q(i) = -3*i**2 - 2261*i - 51842. Calculate q(-730).
-12
Let z(n) = -621*n - 127964. Calculate z(-206).
-38
Let k(j) = j**3 + 389*j**2 + 6305*j - 324. Give k(-17).
-1
Let x(f) = 2138*f + 2471. Give x(-1).
333
Let m(r) = -426*r + 14316. What is m(33)?
258
Let g(n) = 1796*n + 36944. Determine g(-21).
-772
Let a(k) = 5853*k - 901360. What is a(154)?
2
Let v(u) = -107*u**3 - 2*u**2 - 137*u - 271. Give v(-2).
851
Let v(f) = -9*f**3 - 65*f**2 - 10*f - 31. Calculate v(-4).
-455
Let t(q) = -q**2 + 61*q + 3126. Determine t(95).
-104
Let k(i) = 11522*i + 1325023. Determine k(-115).
-7
Let l(t) = -942*t + 20910. Give l(22).
186
Let c(h) = -7253*h - 311866. Give c(-43).
13
Let n(m) = -15*m**3 - 2805*m**2 + 3*m + 312. Give n(-187).
-249
Let b(t) = -4*t**3 - 155*t**2 + 10*t - 46. Determine b(0).
-46
Let m(u) = -1407*u - 4824. Determine m(-3).
-603
Let n(j) = -3*j**2 - 176*j - 280. What is n(-57)?
5
Let f(q) = -q**3 - 1666*q**2 - 4990*q + 7. Give f(-3).
10
Let b(v) = -2*v**3 - 250*v**2 - 7631*v + 66. Determine b(-72).
-6
Let o(l) = -l**2 - 1115*l - 37132. Calculate o(-34).
-378
Let w(v) = 62*v + 301. Give w(-4).
53
Let t(m) = 494452*m + 16316926. Calculate t(-33).
10
Let y(i) = -54036*i + 67. What is y(0)?
67
Let j(n) = n**2 - 222*n - 239667. Determine j(-391).
16
Let g(a) = 512*a - 78335. Give g(153).
1
Let y(q) = -527*q - 12640. What is y(-24)?
8
Let q(s) = 17950*s - 251291. What is q(14)?
9
Let o(v) = 3*v**2 - 549*v - 37805. What is o(-53)?
-281
Let l(a) = -524*a - 92751. Give l(-177).
-3
Let b(k) = k**3 + 41*k**2 - 682*k - 80. Give b(-54).
-1160
Let y(x) = -93380*x + 373731. Calculate y(4).
211
Let w(x) = -x**3 + 28*x**2 + 458*x - 255. Give w(-12).
9
Let p(l) = -l**3 + 220*l**2 - 99*l - 26262. Determine p(219).
18
Let j(t) = t**3 + 119*t**2 - 796*t - 52476. What is j(-122)?
-16
Let c(w) = -12*w**2 + 1520*w + 3611. Determine c(129).
-1
Let p(s) = 198*s - 24675. Calculate p(125).
75
Let o(j) = 1070*j + 185116. Give o(-173).
6
Let m(l) = 1704*l - 44373. What is m(26)?
-69
Let t(g) = -1284*g - 178463. What is t(-139)?
13
Let x(b) = 2*b**2 - 78*b + 82. Determine x(25).
-618
Let x(p) = -p**2 + 42*p + 246. Determine x(58).
-682
Let p(i) = 261*i**2 + 37315*i - 1121. What is p(-143)?
23
Let m(j) = -j**3 - 111*j**2 - 431*j - 203. What is m(-107)?
118
Let q(j) = 10309*j - 824750. Give q(80).
-30
Let z(t) = -239293*t - 1435762. What is z(-6)?
-4
Let v(g) = -1328*g + 10390. What is v(8)?
-234
Let y(a) = -3*a**3 + 7*a**2 - 56*a + 689. Determine y(9).
-1435
Let h(n) = 5547*n + 1065083. Determine h(-192).
59
Let x(j) = 2*j**3 + 72*j**2 - 159*j - 3113. Calculate x(-37).
32
Let z(k) = 3*k**2 + 39*k + 233. Give z(-19).
575
Let k(l) = -71*l**2 - 688*l + 169. Determine k(-10).
-51
Let v(b) = -b**3 + 205*b**2 - 559*b + 31478. Give v(203).
419
Let r(u) = 78*u + 173. Calculate r(2).
329
Let i(t) = -t**3 - 30*t**2 + 2460*t + 72251. Calculate i(-29).
70
Let j(p) = 16*p**2 - 268*p + 1029. What is j(6)?
-3
Let q(m) = m**2 + 179*m + 6967. Calculate q(-120).
-113
Let g(s) = -7522*s - 7267. Calculate g(-1).
255
Let g(h) = -502*h + 1850. Calculate g(5).
-660
Let a(x) = -5*x**2 + 225*x + 1875. What is a(53)?
-245
Let s(k) = -k**3 - 110*k**2 - 725*k - 43. What is s(-103)?
369
Let k(o) = -4*o**3 - 102*o**2 + 98*o - 36. Calculate k(-26).
-1232
Let r(q) = -43305*q + 216529. Calculate r(5).
4
Let s(i) = i**2 + 455*i + 28689. Give s(-379).
-115
Let o(c) = 2*c**3 + 133*c**2 + 198*c - 60. Calculate o(-65).
-255
Let v(c) = c**3 + 28*c**2 - 1019*c + 90. Calculate v(-49).
-400
Let f(u) = 23*u**2 - 978*u - 6691. Calculate f(-6).
5
Let h(z) = -865*z + 34620. Give h(40).
20
Let q(t) = -133341*t - 400079. Calculate q(-3).
-56
Let w(s) = 3722*s + 3264200. Give w(-877).
6
Let s(w) = 116*w + 4701. Calculate s(-47).
-751
Let m(x) = x**3 + 28*x**2 + 62*x - 1488. Give m(-23).
-269
Let v(l) = 31*l**3 + 1137*l**2 - 7937*l - 4. Determine v(6).
2
Let x(t) = 68*t**2 - 397*t - 119. Calculate x(6).
-53
Let d(z) = -374*z + 43516. Determine d(112).
1628
Let r(a) = 1223*a + 126426. What is r(-103)?
457
Let t(a) = -3*a**3 + 2643*a**2 - 7902*a - 3. What is t(3)?
-3
Let o(y) = 7*y**3 + 862*y**2 - 5292*y - 383. Determine o(-129).
4
Let w(v) = v**3 - 50*v**2 - 48*v - 3024. Give w(52).
-112
Let k(w) = -50400*w + 1058404. What is k(21)?
4
Let i(u) = 59*u**3 + 224*u**2 + 7*u + 13. Give i(-3).
415
Let i(b) = 76*b**2 + 50*b + 10. Determine i(-5).
1660
Let p(o) = -18826*o + 56499. What is p(3)?
21
Let l(w) = w**3 + 79*w**2 + 1560*w + 265. Give l(-42).
13
Let m(w) = -4*w**2 - 178*w + 3345. Determine m(18).
-1155
Let c(n) = 6*n**2 + 936*n + 6251. What is c(-149)?
-7
Let z(o) = -3*o**2 + 186*o + 3740. Determine z(-16).
-4
Let s(k) = -8829*k - 5933035. Determine s(-672).
53
Let v(a) = -13*a**2 - 299*a - 623. Give v(-21).
-77
Let f(h) = 1751*h + 50740. What is f(-29)?
-39
Let k(u) = 5*u**2 - 106*u + 33. Calculate k(27).
816
Let d(f) = -264*f**2 + 370*f + 16. What is d(4)?
-2728
Let m(l) = 2*l**2 - 1545*l - 2349. What is m(0)?
-2349
Let u(o) = 495*o + 15681. Give u(-32).
-159
Let m(k) = -7857*k - 78564. Give m(-10).
6
Let y(j) = j**3 + 110*j**2 + 1083*j - 472. What is y(-99)?
122
Let d(t) = -4*t**3 - 19*t**2 - 121*t - 419. Determine d(-4).
17
Let o(x) = -147*x**3 + 1179*x**2 + 39*x - 364. Give o(8).
140
Let r(b) = 8*b**2 + 4868*b - 34483. Determine r(7).
-15
Let r(z) = z**3 - 46*z**2 - 658*z - 2199. What is r(58)?
5
Let f(k) = -2*k**2 + 221*k - 1398. Give f(104).
-46
Let c(y) = -1329*y - 1340. Calculate c(-1).
-11
Let h(c) = 37*c**2 - 103*c + 331. Calculate h(3).
355
Let m(l) = -44*l**3 + 833*l**2 + 75*l - 380. Determine m(19).
-38
Let f(w) = 20725*w - 62873. Give f(3).
-698
Let u(n) = -72978*n - 1970414. Calculate u(-27).
-8
Let t(i) = 33377*i + 166781. Give t(-5).
-104
Let g(d) = d**3 - 140*d**2 + 1543*d - 304. Give g(128).
592
Let k(o) = 1243*o - 1987. Calculate k(2).
499
Let d(l) = -2*l**3 + 7*l**2 - 226*l + 55. What is d(0)?
55
Let w(z) = -2*z**3 + 11*z**2 + 179*z - 278. Give w(12).
-2
Let d(v) = 29879*v - 239046. Calculate d(8).
-14
Let r(a) = -27*a**3 - 134*a**2 - 22*a - 134. Determine r(-5).
1
Let k(f) = 405*f + 124433. Give k(-307).
98
Let w(k) = 2*k**3 + 100*k**2 + 888*k - 3. Determine w(-10).
-883
Let x(l) = 8*l**2 - 4596*l + 647133. What is x(247)?
-7
Let q(r) = 20*r**3 + 2159*r**2 - 109*r - 114. What is q(-108)?
-6
Let f(u) = 5*u**3 + 69*u**2 + 265*u - 34. Determine f(-7).
-223
Let c(l) = -54*l**2 - 1847*l + 48. Give c(-33).
2193
Let d(h) = -4694*h + 3646. What is d(1)?
-1048
Let b(o) = 886*o - 102823. What is b(116)?
-47
Let l(z) = 2*z**3 - 21*z**2 + 530*z - 1008. Calculate l(2).
-16
Let x(p) = 132*p - 4844. Determine x(33).
-488
Let k(b) = 1332*b**2 + 6658*b - 19. Give k(-